r when 33272316 is divided by 206660?
56
Calculate the remainder when 312772 is divided by 189.
166
What is the remainder when 11102 is divided by 1611?
1436
Calculate the remainder when 14996823 is divided by 534.
501
What is the remainder when 10375494 is divided by 69633?
177
What is the remainder when 741630 is divided by 28487?
968
Calculate the remainder when 25180312 is divided by 16.
8
What is the remainder when 32183 is divided by 10173?
1664
Calculate the remainder when 426355 is divided by 213034.
287
Calculate the remainder when 307405 is divided by 5299.
63
Calculate the remainder when 7447 is divided by 180.
67
What is the remainder when 10534309 is divided by 1385?
1384
Calculate the remainder when 5999735 is divided by 153.
146
Calculate the remainder when 22811719 is divided by 733.
26
What is the remainder when 186233786 is divided by 3801?
3791
Calculate the remainder when 913441 is divided by 76115.
61
Calculate the remainder when 1572353 is divided by 11647.
8
What is the remainder when 498812 is divided by 4470?
2642
What is the remainder when 121559528 is divided by 19?
17
What is the remainder when 355476 is divided by 1217?
112
What is the remainder when 210973793 is divided by 146?
143
What is the remainder when 3361153 is divided by 60?
13
Calculate the remainder when 8850143 is divided by 1081.
1077
What is the remainder when 45112730 is divided by 393?
260
Calculate the remainder when 16921085 is divided by 755.
25
What is the remainder when 149381 is divided by 49298?
1487
Calculate the remainder when 7193348 is divided by 287729.
123
What is the remainder when 5941048 is divided by 52?
48
What is the remainder when 35022 is divided by 15702?
3618
What is the remainder when 1633684 is divided by 1583?
28
Calculate the remainder when 110123197 is divided by 446.
445
Calculate the remainder when 4160794 is divided by 832146.
64
Calculate the remainder when 151699738 is divided by 3933.
3928
What is the remainder when 311723 is divided by 427?
13
What is the remainder when 589448 is divided by 134?
116
Calculate the remainder when 122987 is divided by 2408.
179
What is the remainder when 192480 is divided by 81?
24
What is the remainder when 9455 is divided by 879?
665
What is the remainder when 41230 is divided by 6758?
682
Calculate the remainder when 3404071 is divided by 170202.
31
Calculate the remainder when 24960 is divided by 5573.
2668
What is the remainder when 164214870 is divided by 997?
994
What is the remainder when 1093009 is divided by 91080?
49
Calculate the remainder when 360669 is divided by 2216.
1677
Calculate the remainder when 97352 is divided by 1738.
24
What is the remainder when 137244 is divided by 12475?
19
Calculate the remainder when 4960568 is divided by 16.
8
What is the remainder when 2919590 is divided by 1742?
1740
What is the remainder when 1350475 is divided by 5874?
5329
Calculate the remainder when 9151078 is divided by 13761.
13
Calculate the remainder when 51114750 is divided by 99.
60
Calculate the remainder when 8463402 is divided by 151132.
10
Calculate the remainder when 151025 is divided by 209.
127
Calculate the remainder when 2429065 is divided by 5422.
9
Calculate the remainder when 73967754 is divided by 304.
298
What is the remainder when 7110233 is divided by 9331?
11
Calculate the remainder when 29938477 is divided by 42.
37
Calculate the remainder when 19160909 is divided by 29615.
4
What is the remainder when 48934375 is divided by 496?
7
What is the remainder when 9595130 is divided by 1897?
104
What is the remainder when 278595 is divided by 608?
131
Calculate the remainder when 50719777 is divided by 25359883.
11
Calculate the remainder when 1401672 is divided by 58403.
0
Calculate the remainder when 2591103 is divided by 215922.
39
What is the remainder when 1146982 is divided by 573131?
720
What is the remainder when 429162 is divided by 1960?
1882
Calculate the remainder when 31281525 is divided by 103.
13
What is the remainder when 925313398 is divided by 8247?
8245
Calculate the remainder when 234442647 is divided by 545.
542
What is the remainder when 258454 is divided by 43074?
10
Calculate the remainder when 151226 is divided by 1664.
1466
Calculate the remainder when 14803541 is divided by 178.
171
Calculate the remainder when 161167 is divided by 291.
244
Calculate the remainder when 11531645 is divided by 92.
89
What is the remainder when 7476805 is divided by 695?
690
What is the remainder when 5837206 is divided by 116744?
6
What is the remainder when 25986190 is divided by 4347?
4171
What is the remainder when 243417 is divided by 718?
15
What is the remainder when 83183 is divided by 2645?
1188
What is the remainder when 154724 is divided by 6709?
417
What is the remainder when 9513026 is divided by 929?
66
What is the remainder when 117330 is divided by 445?
295
Calculate the remainder when 45138381 is divided by 2402.
2399
Calculate the remainder when 309160 is divided by 102692.
1084
Calculate the remainder when 12778392 is divided by 13594.
32
Calculate the remainder when 72682 is divided by 14529.
37
Calculate the remainder when 7881540 is divided by 1391.
134
What is the remainder when 388766 is divided by 194261?
244
What is the remainder when 26082591 is divided by 524?
491
What is the remainder when 1928989 is divided by 503?
487
What is the remainder when 81188 is divided by 20148?
596
Calculate the remainder when 20108842 is divided by 804.
802
Calculate the remainder when 206242 is divided by 436.
14
What is the remainder when 739795 is divided by 134?
115
Calculate the remainder when 2123747 is divided by 39328.
35
Calculate the remainder when 1053758 is divided by 20.
18
What is the remainder when 1829416 is divided by 35?
1
Calculate the remainder when 18856653 is divided by 16.
13
What is the remainder when 267496234 is divided by 786?
784
Calculate the remainder when 92565 is divided by 2165.
1635
Calculate the remainder when 41705319 is divided by 1329.
1299
Calculate the remainder when 126341 is divided by 49.
19
What is the remainder when 777374934 is divided by 13?
11
What is the remainder when 3507288 is divided by 2901?
2880
Calculate the remainder when 306053945 is divided by 2999.
2996
Calculate the remainder when 16315587 is divided by 1812843.
0
What is the remainder when 200609 is divided by 22146?
1295
What is the remainder when 20524 is divided by 5968?
2620
Calculate the remainder when 230367 is divided by 76286.
1509
What is the remainder when 274864299 is divided by 673687?
3
Calculate the remainder when 87437995 is divided by 4484.
4479
What is the remainder when 7037322 is divided by 531?
510
Calculate the remainder when 41807427 is divided by 52.
51
Calculate the remainder when 100943162 is divided by 56.
26
What is the remainder when 29875660 is divided by 3?
1
Calculate the remainder when 15773459 is divided by 75.
59
Calculate the remainder when 35556 is divided by 1782.
1698
What is the remainder when 316927928 is divided by 356?
352
What is the remainder when 706170 is divided by 235382?
24
Calculate the remainder when 6090 is divided by 828.
294
What is the remainder when 9182905 is divided by 1204?
1201
Calculate the remainder when 839489 is divided by 144.
113
What is the remainder when 823609 is divided by 164689?
164
Calculate the remainder when 101244 is divided by 33719.
87
What is the remainder when 6346 is divided by 2315?
1716
What is the remainder when 1414028 is divided by 218?
80
Calculate the remainder when 7438602 is divided by 691.
678
What is the remainder when 421637 is divided by 33?
29
What is the remainder when 276754 is divided by 3548?
10
What is the remainder when 4355150 is divided by 1587?
422
Calculate the remainder when 193005 is divided by 192977.
28
Calculate the remainder when 448857 is divided by 400.
57
Calculate the remainder when 382356 is divided by 3261.
819
Calculate the remainder when 181055 is divided by 1022.
161
What is the remainder when 3571629 is divided by 326?
299
Calculate the remainder when 71543 is divided by 1177.
923
What is the remainder when 21975 is divided by 1095?
75
Calculate the remainder when 791029 is divided by 263629.
142
Calculate the re